*a + 28. Calculate the greatest common divisor of r and a.
10
Let w be (-85 - -119) + 9/3*-1. What is the highest common factor of 403 and w?
31
Let u be (0 + 5*(-24)/(-140))*-7. Let o(t) = -8*t - 3*t**2 + 2*t**2 - 2 + 5. Let k be o(u). Calculate the highest common divisor of k and 60.
15
Let b = -2422 - -4887. Calculate the highest common divisor of 170 and b.
85
Suppose -5*p + 321 - 21 = 5*z, -2*z = -4*p + 210. Let n be (5 - 4)*(-5 + 0). Let s be 2/(0 + -2)*n. Calculate the greatest common factor of s and p.
5
Let n = -1166 - -1179. What is the greatest common factor of n and 65?
13
Suppose -53*f + 56*f - 18 = 0. Let v be ((-6)/5)/(f/(-160)). What is the greatest common factor of 352 and v?
32
Let g = 46 + -39. Suppose -119 = -g*l + 266. What is the greatest common factor of 5 and l?
5
Let i be 6 + 68*4/6*15. What is the greatest common factor of i and 490?
98
Suppose -3804 = 17*q - 20*q + 3*j, 2*q + 3*j = 2516. What is the highest common divisor of 8 and q?
8
Let d(p) = p - 2. Let h be d(18). Suppose -h*l = -12*l - 68. What is the greatest common divisor of l and 153?
17
Let u(y) = 8*y**2 + 5*y + 6. Let g(r) = -r**3 + 23*r**2 - 21*r - 28. Let v be g(22). Let f be u(v). Calculate the greatest common divisor of f and 24.
24
Let b be 22411/365 - 4/10. Calculate the highest common divisor of b and 549.
61
Suppose -3*g + 163 = -95. Suppose 0 = 4*s - 182 + g. Suppose 5*q - 21 - 9 = 0. Calculate the greatest common divisor of s and q.
6
Let k(z) = 2*z**2 + 2*z - 5. Let m be k(10). Let h = m - 85. Suppose v - 5*b - h = -4*v, 130 = 5*v - 3*b. What is the greatest common divisor of 39 and v?
13
Suppose -96 + 16 = -2*g. Calculate the greatest common factor of 600 and g.
40
Let g be 1/(1/3 - 0). Suppose 0 = -c + 7*c - 18. Suppose 5*d + 261 = g*x + x, 0 = -4*x + c*d + 259. Calculate the greatest common factor of 8 and x.
8
Suppose 85 = 5*n - 30. Let y be 6*(52/(-24) - -3). Suppose 10*i - 1240 = y*i + 5*w, 0 = 2*w - 10. Calculate the highest common factor of n and i.
23
Let r = -312 - -315. Let v(a) = a**3 + 8*a**2 + 5*a - 5. Let c be v(-7). What is the highest common factor of r and c?
3
Suppose 4*l = 4*x + 116, -53 = -2*l - 5*x + 26. Suppose -2*g + 3*g = k - 50, -238 = -5*k - g. Calculate the highest common divisor of l and k.
16
Suppose -2*n = -4*p + 2*p + 260, n = 5*p - 670. Calculate the greatest common factor of 108 and p.
27
Suppose t - 6*t = -240. Let q = 28 - 16. Let h be -8*(-2 - (-15)/q). Calculate the highest common divisor of t and h.
6
Suppose -4*x = -2*x. Suppose 4*w = 5*y - 76, x = 5*y - 2*w + 5*w - 48. Suppose -p + 240 = 4*p. What is the greatest common factor of p and y?
12
Let v be 60*-9*16/(-60). What is the highest common divisor of 32 and v?
16
Suppose -2*a + 10 = 0, -2*j - a + 9 = -0*a. Suppose 0*k + 8 = j*k. What is the highest common divisor of 14 and k?
2
Let p = 589 + -509. What is the greatest common divisor of p and 240?
80
Suppose -3*c + 197 = -0*c - y, -4*c + 2*y + 266 = 0. Suppose -q + c = 7*q. Calculate the highest common factor of q and 40.
8
Let s be (-20)/(-1)*(-7)/(-28). Suppose 5*l = -s + 15. Suppose -q = l*i - 2 - 15, 15 = 3*q - 3*i. Calculate the highest common factor of 36 and q.
9
Let x(o) = -o + 13. Let d be x(10). What is the highest common divisor of d and 51?
3
Let z = -459 + 578. Let p = 11 - -6. Calculate the greatest common divisor of p and z.
17
Suppose 0 = -4*p + 3*v - 131, 3*p + 3*v - 1 = -94. Let y = p - -24. Let h be (1*32)/((-4)/y). Calculate the greatest common divisor of h and 8.
8
Suppose 50 = s - 28. Suppose -11*j + 7*j + 1456 = 0. Suppose 0*k - j = -7*k. Calculate the highest common factor of s and k.
26
Suppose 3*m = -3*j + 18, 0 = 2*j + 14 - 4. Suppose -5*s + 169 = -4*v, 2*s - 94 = -s - 5*v. Calculate the greatest common factor of m and s.
11
Suppose 2*p - 12 = d, 0 = 3*d - 7*d. Suppose 32 = 3*h - 6*t + 2*t, 51 = 4*h + 3*t. What is the greatest common divisor of h and p?
6
Suppose 4*k + 8 = 2*k. Let f be ((-636)/33)/k + (-4)/(-22). What is the greatest common factor of 15 and f?
5
Let k(m) = -2*m**2 + 34*m + 6. Let q be k(15). What is the greatest common divisor of q and 1023?
33
Let d(p) = -9*p - 230. Let n be d(-30). What is the highest common divisor of n and 1000?
40
Let v = -322 - -472. Calculate the highest common factor of 60 and v.
30
Let f(z) = 2*z - 12. Let y be f(21). Calculate the greatest common factor of y and 105.
15
Suppose 3*j - 7*j + 4 = 0. Let o be 6/3*(j + -10). Let b = 32 + o. Calculate the highest common factor of b and 112.
14
Let h(c) = 12*c + 44. Let f be h(-3). Let m be 0 - 6/4*-2. Suppose 70 = 3*y + w, 0 = y + 5*w - m - 11. What is the highest common divisor of f and y?
8
Let k(o) = 8*o - 26 + o**2 - 8*o + 12*o - 2*o**2. Let c be k(9). What is the greatest common factor of 2 and c?
1
Let y be 4/(-26) - (-8)/52. Suppose 2*n + 4*n - 228 = y. Suppose -4*v + 347 = 119. Calculate the greatest common factor of v and n.
19
Let x = -116 + 164. Calculate the highest common divisor of x and 16.
16
Let l(a) = 2*a**2 + 9*a + 8. Let m be l(-6). Calculate the highest common factor of 26 and m.
26
Let h be (-13090)/68*(-36)/21. Calculate the greatest common divisor of h and 77.
11
Let h(t) = -2*t + 24. Let b be h(9). Calculate the highest common divisor of 39 and b.
3
Let d(f) = 197*f**2 - 6*f + 4. Let p(o) = 131*o**2 - 4*o + 3. Let a(s) = 5*d(s) - 7*p(s). Let u be a(-1). Calculate the highest common divisor of u and 23.
23
Let b(f) = 6*f**2 - 22*f - 20. Let o be b(6). What is the greatest common factor of o and 72?
8
Suppose -l + 4*n + 241 = -0*l, 0 = 3*n. Let a = 353 - l. What is the highest common divisor of 32 and a?
16
Let j be (30/(-4))/((-6)/8). Suppose 8 - 78 = -5*u. Let l be 4/(-14) + 74/u. Calculate the greatest common divisor of l and j.
5
Let l = -30 + 66. Let d = 942 - 494. Let y be d/24 - 2/3. Calculate the greatest common factor of y and l.
18
Let f(c) = 22*c - 484. Let w be f(23). What is the greatest common factor of w and 110?
22
Let x(m) = m + 11. Let d be x(-9). Let c be 9/2*20/d. What is the highest common divisor of 18 and c?
9
Let r = 890 + -879. Let u(b) = 18*b - 9. Let h = -7 + 13. Let j be u(h). Calculate the highest common divisor of r and j.
11
Let v be 3 + (1 - (-4 - -6)). Suppose -3*k - p = 3*p - 4, -5*k - 3*p - 8 = 0. Let z = k - -14. Calculate the highest common divisor of z and v.
2
Suppose 14*s = 12*s - 10, 3*z + 4*s = 502. What is the greatest common factor of z and 24?
6
Suppose -3*s - 19 - 17 = 0. Suppose -t - 2*t - 30 = 0. Let d be (s/t)/((-26)/(-455)). What is the highest common factor of 168 and d?
21
Suppose 5*f = -5*q + 2*f + 60, -5*f = -4*q + 11. Let s = 170 - 121. Suppose -15 = 4*y + j - s, 2*y + j - 16 = 0. What is the greatest common factor of q and y?
9
Let f = -599 - -809. What is the greatest common divisor of 126 and f?
42
Let n(j) = j - 14. Let f be n(10). Let g(v) = -7*v**3 - 2*v**2 - 2. Let w be g(f). Calculate the greatest common factor of 18 and w.
18
Let k be (2 - 3 - 1) + 7. Suppose 0 = -k*i + 6 + 19. Suppose i*g - 33 = 147. What is the greatest common factor of g and 9?
9
Suppose 3*t = -2*t, r + 5 = -t. Let s be (9/r)/((-21)/70). Suppose s = -2*z - z - 4*o, -3*z + 4*o = -18. What is the greatest common factor of 14 and z?
2
Suppose -4*b - 3*w + 4*w + 164 = 0, 0 = -4*b + 2*w + 160. Suppose 3*s + 6*n = 2*n + b, 0 = -s - 5*n + 14. Calculate the highest common factor of 70 and s.
14
Let l be (-10)/20*(-36 - -2). Let u(c) = 6*c + 33. Let x be u(l). Calculate the highest common factor of 15 and x.
15
Suppose -2*b - 4*s + 51 = 17, -2*b - 5*s + 34 = 0. Calculate the highest common divisor of b and 85.
17
Suppose n - 9 = 2. Suppose -t - n + 28 = 0. Calculate the greatest common factor of t and 34.
17
Suppose 3*c + 2*g - 62 = 0, c - 7 - 25 = 5*g. Let l = 0 + 6. Let n be 16/12*99/l. What is the greatest common factor of n and c?
22
Suppose -4*g + 16 = 4*v, -15 = -3*v - 4*g - 1. Suppose 0 = 3*r - 5*j - 8, v*r + j - 11 - 16 = 0. What is the highest common factor of r and 88?
11
Let c(s) = -4*s**2 - 113*s + 114. Let v be c(-29). What is the highest common factor of v and 1?
1
Let k be 4 + 3 + 3 + -3. Suppose -s + k + 6 = 0. Suppose 0 = -2*l - 2*m + 26, -3*m = -2*l + s + 3. Calculate the greatest common factor of 88 and l.
11
Let j(c)